 Let z(x) = 5*d(x) + 4*k(x). Determine z(-7).
-5
Let h(o) = o + 12 + 10*o - 13*o + 0*o. Give h(12).
-12
Let z(i) be the second derivative of -i**4/12 - i**3/6 - 56*i. Let t be -3 + -2*(-2)/(-4). Let k be t*(6/(-3))/(-2). Determine z(k).
-12
Suppose k - 880 = -10*k. Let f(z) = -38 - z + k - 38. Calculate f(-5).
9
Let k(c) be the first derivative of c**3/3 - 2*c**2 - 10*c + 27. Calculate k(8).
22
Suppose 0 = -x + 5*d + 346, 10 = -4*d - d. Let n be 3/(-5) - x/(-60). Suppose 16 = 3*w + n*w. Let u(i) = -4*i + 2. Calculate u(w).
-6
Let u(v) be the second derivative of -1/2*v**2 + 0 - 5*v - 1/2*v**3. Calculate u(-1).
2
Suppose b - 12 = 4*b. Let z(l) be the first derivative of l**2 + 2*l - 43. What is z(b)?
-6
Let c(r) be the second derivative of -2*r - 1/20*r**5 - 5 - 1/2*r**3 - 1/2*r**4 + 0*r**2. Give c(-4).
-20
Let s(b) be the first derivative of b**3/3 - b**2 + 1. Suppose 0 = 35*l + 48 + 22. What is s(l)?
8
Let r(n) = -4*n - 3. Let s(d) be the first derivative of -3*d**2/2 - 4*d - 12. Let c(q) = -2*r(q) + 3*s(q). Let v = 0 + 0. Give c(v).
-6
Let x(c) be the first derivative of c**4/4 - 8*c**3/3 - 23*c**2/2 + 25*c + 433. Give x(10).
-5
Let w(p) = -6*p**3 + p + 1. Let b(o) = -34*o**3 - o. Let r be b(-1). Suppose 3*a - 73 = r. Let t = a + -37. Give w(t).
6
Let x(c) be the second derivative of c**6/360 - c**5/30 - c**4/4 - 5*c**3/6 - 13*c. Let g(v) be the second derivative of x(v). Determine g(6).
6
Let s(l) = -l - 9. Let o(k) = 6*k + 43. Let c(x) = -2*o(x) - 11*s(x). What is c(10)?
3
Let y be (-2 - (-65)/20)*-4. Let r(f) = -6*f - 12. Determine r(y).
18
Suppose -6*q + 7 = -5. Let k(z) = -11*z**q - 6 - 9*z**2 - z**3 + 16*z**2 + 3*z. Give k(-5).
4
Let b be 4/14 + 60/(-14) - -6. Suppose -t + 23 = b*t - 2*m, 3*t = -5*m - 5. Let v(f) = f**2 - 5*f. Calculate v(t).
0
Let g(w) = -w**2 + 22*w + 25. Let a(y) = -y**2 + 27*y + 26. Let h(v) = 5*a(v) - 6*g(v). What is h(-6)?
-2
Let t be 2 + (-7 - -8) + 4*1. Let k(d) = -d**3 + 41*d + 2 - 38*d + 4 + 6*d**2. Give k(t).
-22
Let i(b) = 4*b + b**3 + 2 + 4*b**2 - 5*b - 3*b**2. Let k = 16 + -4. Let c = k - 14. Give i(c).
0
Let r(i) = -i**2 - 2*i + 4. Let h be r(-3). Let j(z) = z**2 + h + 2*z - 1 - 6. Calculate j(-5).
9
Let f(m) = 2*m**2 - 7*m - 45. Let u be f(7). Let b(t) = 7*t + 4. What is b(u)?
32
Let r(h) = -h**2 - 2*h - 1. Suppose 5*u - 3*p + 125 = 27, -5*u - 5*p = 90. Let n = u - -35. Suppose 3*i + n = -b, 5*b + 9 = 5*i + 29. Calculate r(b).
0
Let i(x) = -176*x - 33. Let s(u) = -27*u - 5. Let o(v) = -5*i(v) + 33*s(v). Let f(h) = 5*h. Let b(l) = 5*f(l) + 2*o(l). Give b(1).
3
Let v(z) = -4*z**2 + 6*z + 7. Let y(s) = -s**2. Let h = 19 + -24. Let j(g) = h*y(g) + v(g). Suppose 2*r = 5*o + 30, 0 = 2*o - r + 4*r + 12. Calculate j(o).
7
Let f(k) = -k**3 - 4*k**2 + 5*k + 2. Suppose 0 = -3*t + t. Suppose -4*v - 29 + 21 = t. Let l be ((-5)/v)/(3/(-6)). Determine f(l).
2
Let n(m) = m**2 + 6*m + 7. Let o = -142 + 136. Determine n(o).
7
Suppose f + 0*f = -4*v + 11, 2*v + 5 = 3*f. Let p(a) be the second derivative of f*a - 2*a**2 + 0 + 1/4*a**4 + 1/20*a**5 - 2/3*a**3. Determine p(-4).
-4
Let k(c) = 5 - 1 + c + 2. Let o(r) = -7 - 9 + 0 + r. Let y be o(16). What is k(y)?
6
Let p(a) = a**2 - 4. Let x be p(3). Let q(k) = -1 - 17 - 3*k + 11 + k**2. What is q(x)?
3
Suppose -5*y = -t - t - 24, 33 = 5*y + t. Let j(k) = 7 - 5*k**2 - k**3 + 7*k + 0*k**2 - y + 7. Let n be (2/2 + -7)*1. Give j(n).
2
Let k(g) = -g + 1. Let d = 818 + -819. Give k(d).
2
Let y(o) be the third derivative of o**6/120 - 11*o**5/60 + o**4/12 - 5*o**3/3 + 112*o**2 + 1. Give y(11).
12
Let v(s) be the third derivative of -s**4/24 - 5*s**3/6 + s**2. Suppose -2*m = 3*m + 67*m + 504. What is v(m)?
2
Let u(l) = -3*l**3 - 33*l**2 - 26*l + 7. Let q(y) = -y**3 - 11*y**2 - 9*y + 3. Let c(m) = 7*q(m) - 2*u(m). Determine c(-10).
17
Let n = 13 - 10. Let t(r) = -2 - 1 + 3*r**2 + r**2 + r**n + 0*r**2 + 2*r. Calculate t(-3).
0
Let t(y) = -6*y**2 - 29*y + 7. Let l be t(-5). Let u(z) = z - 7*z + 2*z - l*z. What is u(-2)?
12
Let v(j) = 2*j + 9 - 7*j + 13 - 24 - j. What is v(4)?
-26
Let n be 0 + 5/((-10)/8). Let v be 20/n + 3 - 6. Let z(f) = f**2 + 9*f + 11. Give z(v).
3
Let u be 72/14*(-252)/(-24). Let g = -53 + u. Let o(n) = n + 1. Let w(a) = a**2 - 6*a - 4. Let m(q) = -4*o(q) - w(q). Give m(g).
1
Let f(w) = -w**2 - 4*w + 1. Let t be f(-5). Let a(d) = 4*d**2 - 26*d + 10. Let p(q) = 5*q**2 - 34*q + 13. Let c(j) = 9*a(j) - 7*p(j). What is c(t)?
-1
Suppose f + 66 = 3*f. Let o = -29 + f. Let i(l) = -4*l**2 - 3 - o + 11 - 8*l + l**3. Calculate i(5).
-11
Let a(j) = -j**3 + 9*j**2 - 9*j + 6. Let o be a(8). Let w be o + 1 + 0/1. Let d(f) = -f + 2 - 4 + 1. What is d(w)?
0
Let l(j) = j**3 + 2*j**2 + 2*j + 15. Let s(i) = -i**2 + i + 3. Let c(o) = -l(o) + 3*s(o). Calculate c(-5).
-11
Let y(h) = -11*h. Suppose 3*o = 5*o - 52. Let b = 27 - o. Determine y(b).
-11
Let j(v) be the second derivative of v**4/12 - 2*v**3/3 + 11*v. Let d(f) = -f**3 - 6*f**2 + 3. Let c be d(-6). Calculate j(c).
-3
Suppose 0 = 4*n - 4, -2*a + 5*n = a - 1. Let u(v) = 9 + a*v + 0*v - v. Determine u(0).
9
Let r(o) = o**3 + 19*o**2 - 5*o - 25. Let i be r(-19). Let t(u) be the first derivative of 5 - u**2 - 14 - 73*u + i*u. Give t(-5).
7
Let l be (6/9)/(1/18). Let i = 14 - l. Let j(c) be the second derivative of -c**4/12 - c**3/6 + c**2 + 2*c. Give j(i).
-4
Let x(d) = -2 + d + 20*d**2 + 0 - 25*d**2. Let b be x(1). Let t(n) = -n**3 - 5*n**2 + 7*n - 1. Determine t(b).
-7
Let p(h) = h**3 - h**2 - 2*h - 3. Let c = 35 - 11. Let u = 27 - c. Determine p(u).
9
Let t(q) = -q**2 - 10*q - 5. Let b be t(-11). Let r = b + 20. Let h(d) be the third derivative of -d**4/8 - d**3/6 + 18*d**2. Determine h(r).
-13
Let x(h) = -55*h**2 - 5 + 16*h - 2 + 56*h**2 + 6. What is x(-16)?
-1
Suppose 2*c + 51 = 3*u, 6*c + 3*u + 39 = 3*c. Let z = c - -22. Let f(x) = -x**3 + 4*x**2 - 2*x + 5. Calculate f(z).
-3
Let b(l) = -l**2 - 4*l - 5. Let z(o) = o**2 + 8*o + 16. Let y be z(-4). Suppose y*s - 7*s - 28 = 0. What is b(s)?
-5
Let z = 1661 - 1652. Let l(g) = g**2 - 11*g + 19. Give l(z).
1
Suppose 3*d - 2 = 4*i - 2*i, 15 = -5*i + 5*d. Let c(o) = 6*o + 43. Calculate c(i).
1
Let a(k) be the second derivative of -k**5/20 - 7*k**4/12 + k**3/6 + 5*k**2 - 89*k - 1. Give a(-7).
3
Let t(o) = o**2 - o - 2. Let z = -817 - -816. What is t(z)?
0
Let q be (8/(-4))/2 - 36. Let p = q - -39. Let l be ((-7)/14)/(p/(-4)). Let a(d) = 5*d. Calculate a(l).
5
Let w = 1479 - 1490. Let f(x) = -x**3 - 9*x**2 + 23*x + 9. Calculate f(w).
-2
Let a(p) = -8 + 11*p - 13 - 13 + 35. Calculate a(1).
12
Let j(x) = 4*x. Let u = 1 - -5. Suppose -t + u - 2 = 0. Suppose 0 = t*g - 3*n + 6, g - 3*n + 7 = -5*n. Give j(g).
-12
Let f(c) = 0*c**2 + 3*c - 2 - c + 2*c**2. Let v(r) = 4*r - 29. Let j be v(8). Let z be (-4)/(-6)*j*(1 + 0). What is f(z)?
10
Let b(d) = 3*d - 7 - 2*d**2 + 4*d**2 - d**2. Let g be b(-5). Let w(p) = -p + 3. Let i(x) = -2*x + 7. Let o(s) = 4*i(s) - 7*w(s). Calculate o(g).
4
Let s(o) = 2*o**2 - 9*o - 18. Let n(i) = i**2 - 4*i - 10. Let l(b) = 5*n(b) - 3*s(b). Let y = -6 + 13. Calculate l(y).
4
Let t be 5*8*15/100. Let h(b) = 4*b**3 + 2*b**2 - 10*b. Let x(m) = -2 - 3 + 3 + m**2 - 11*m + 5*m**3 + 3. Let r(d) = -6*h(d) + 5*x(d). What is r(t)?
-1
Let a(l) = l**2 + 6*l + 3. Let o be a(-5). Let s(u) = u**3 - 4*u**2 + 2*u - 5. Let r be s(4). Let m(p) = -2*p**2 + p**2 + 0 + 0*p**2 - 1 - p**r. Calculate m(o).
3
Let v(n) = 11*n**3 - n**2 + 18*n + 12. Let s(k) = 31*k**3 - 2*k**2 + 52*k + 34. Let x(w) = -6*s(w) + 17*v(w). Let j be 4*3*(-1)/(-2). Give x(j).
0
Let d(h) = -3*h**3 - 8*h**2 + 3. Let r(w) = -2*w**3 - 9*w**2 + 3. Let k(l) = 3*d(l) - 4*r(l). What is k(12)?
-3
Let h(k) = -k**3 - 7*k**2 - 9*k - 15. Let c be h(-6). Let r(w) = -w + 3. Calculate r(c).
0
Let i(a) = -2*a**2 - 6*a - 6. Let r(x) = -5*x**2 - 18*x - 17. Let n(d) = -8*i(d) + 3*r(d). Calculate n(4).
-11
Let s(w) = -41 - 23*w + 8*w - 3 + 8*w + w**2. Let z be s(11). Let j(o) = o**2 - 4. Determine j(z).
-4
Let w(y) = -1 - 2*y**2 + 4 + 0 - 6*y + y + 3*y**2. Determine w(6).
9
Let n(f) be the second derivative of 0 + 1/2*f**2 - 15*f + 2/3*f**3. Give n(-2).
-7
Let r(g) = -20*g + 16. Let b be r(1). Let f(c) = -c**3 - 6*c**2 - 3*c. Calculate f(b).
-20
Suppose -8*k + 4*k + 4 = 0. Let r(z) = -13*z**3 - 4*z**2 - 5*z. Let s(o) = -38*o**3 - 11*o*